{"id":20,"date":"2020-08-21T13:57:24","date_gmt":"2020-08-21T13:57:24","guid":{"rendered":"https:\/\/friedenstische.mur.at\/?page_id=20"},"modified":"2021-02-23T18:47:39","modified_gmt":"2021-02-23T18:47:39","slug":"people","status":"publish","type":"page","link":"https:\/\/friedenstische.mur.at\/index.php\/people\/","title":{"rendered":"DAS SIND WIR"},"content":{"rendered":"\n<div class=\"wp-container-5 wp-block-columns\">\n<div class=\"wp-container-4 wp-block-column\" style=\"flex-basis:100%\">\n<div class=\"wp-container-3 wp-block-group has-background\" style=\"background-color:#e50003\"><div class=\"wp-block-group__inner-container\">\n<div class=\"wp-container-2 wp-block-group\"><div class=\"wp-block-group__inner-container\">\n<figure class=\"wp-block-image size-large\"><img loading=\"lazy\" width=\"1024\" height=\"752\" src=\"https:\/\/friedenstische.mur.at\/wp-content\/uploads\/2021\/02\/WIR_W-1024x752.jpg\" alt=\"\" class=\"wp-image-343\" srcset=\"https:\/\/friedenstische.mur.at\/wp-content\/uploads\/2021\/02\/WIR_W-1024x752.jpg 1024w, https:\/\/friedenstische.mur.at\/wp-content\/uploads\/2021\/02\/WIR_W-300x220.jpg 300w, https:\/\/friedenstische.mur.at\/wp-content\/uploads\/2021\/02\/WIR_W-768x564.jpg 768w, https:\/\/friedenstische.mur.at\/wp-content\/uploads\/2021\/02\/WIR_W.jpg 1500w\" sizes=\"(max-width: 767px) 89vw, (max-width: 1000px) 54vw, (max-width: 1071px) 543px, 580px\" \/><\/figure>\n\n\n\n<p class=\"has-white-background-color has-background\" style=\"line-height:3.7\"><strong>DAS PROJEKTTEAM<\/strong><\/p>\n\n\n\n<p class=\"has-black-color has-white-background-color has-text-color has-background\"><strong>Konzept: <a rel=\"noreferrer noopener\" href=\"https:\/\/umlaeute.mur.at\/CV\/nicole-pruckermayr\/\" target=\"_blank\">Nicole Pruckermayr<\/a><\/strong><\/p>\n\n\n\n<p class=\"has-white-color has-text-color has-background\" style=\"background-color:#a200a3\">K\u00fcnstlerin, Kuratorin und Lehrende mit Schwerpunkt \u00f6ffentlicher Raum<\/p>\n\n\n\n<p class=\"has-white-color has-text-color has-background\" style=\"background-color:#a200a3\">Verortete und ver\u00f6ffentlichte k\u00fcnstlerisch-wissenschaftliche Forschung, gibt breiteren \u00d6ffentlichkeiten die M\u00f6glichkeit, sich neue Reflexionsachsen anzueignen und in Kontakt mit diversen Lebensentw\u00fcrfen Vorurteile und Grenzen abzubauen. Unter anderem kann Kunst die kompliziertesten Sachverhalte in einpr\u00e4gsamer Form federleicht transportieren. Kunst liegt die F\u00e4higkeit inne, Akzeptanzen und Resonanzen schaffen zu k\u00f6nnen, die mit anderen Mitteln schwer bis gar nicht ausdiskutierbar und vermittelbar sind. <\/p>\n\n\n\n<p class=\"has-white-color has-text-color has-background\" style=\"background-color:#a200a3\"><em>\u201eIch gehe davon aus, dass Erkenntnisgewinn und Reflexionen zu einer tragf\u00e4higen, zukunftsf\u00e4higen Gemeinschaft durch Impulse von Kunst, Wissenschaft, sowie durch Diskurs und zwischenmenschlichen Austausch m\u00f6glich sind.\u201c<\/em><\/p>\n\n\n\n<p class=\"has-black-color has-white-background-color has-text-color has-background\"><strong>Projektleiterin: <a href=\"https:\/\/kinderbuero.at\/\">Katja Hausleitner<\/a>, Kinderb\u00fcro-Die Lobby f\u00fcr Menschen bis 14<\/strong><\/p>\n\n\n\n<p><\/p>\n\n\n\n<div class=\"wp-container-1 wp-block-group\"><div class=\"wp-block-group__inner-container\">\n<p class=\"has-black-color has-white-background-color has-text-color has-background\"><strong>Workshopleiterin: Maria Fanta<\/strong> (Architektin) gemeinsam mit <strong>Manuel Girzikowski<\/strong> (Musiker)<\/p>\n\n\n\n<p class=\"has-white-color has-text-color has-background\" style=\"background-color:#a200a3\">Dipl. Ing. Maria Fanta, Architektin und Architekturvermittlerin in Ruhe.<br>Geboren 1959 in K\u00e4rnten, Schulen in Villach. Studium und Arbeitsleben in Graz. Lebt und wohnt seit 1979 ebendort und seit 1983 in der M\u00fcnzgrabenstrasse 114 (Reihenhaus). Ledig, Mutter von 2 S\u00f6hnen im Alter von 35 und 21 Jahren.<\/p>\n\n\n\n<p class=\"has-white-color has-text-color has-background\" style=\"background-color:#a200a3\">Manuel Girzikowski , Poet und Lebensk\u00fcnstler.<br>Geboren 1999 in Graz. Ausbildung und Matura am BORG Monsberger in Graz.<br>Derzeit Zivildienst mit Ausbildung als Sanit\u00e4ter beim roten Kreuz Steiermark. Liebste Freizeitbesch\u00e4ftigung: Musikmachen, dichten, rappen. K\u00fcnstlername: Skyte.<br>Unter&nbsp;<a href=\"https:\/\/www.youtube.com\/watch?v=0Pa9Lorrmt4\">https:\/\/www.youtube.com\/watch?v=0Pa9Lorrmt4<\/a>&nbsp;ist sein erstes Musikvideo erschienen.<\/p>\n\n\n\n<p class=\"has-white-color has-text-color has-background\" style=\"background-color:#a200a3\">Statement zum Projektthema \u201eFriedensbildung \u2013 \u00f6ffentlicher Raum \u2013 Kinder:<\/p>\n\n\n\n<p class=\"has-text-align-center has-white-color has-text-color has-background\" style=\"background-color:#a200a3\"><em>Wenn wir uns lieben<br>dann erscheint Frieden<br>Liebe braucht keinen Krieg<br>um zu siegen.<\/em><\/p>\n\n\n\n<p class=\"has-text-align-center has-white-color has-text-color has-background\" style=\"background-color:#a200a3\"><em>wir sind zwar alle verschieden<br>doch das ist kein Grund uns zu bekriegen.<br>Gemeinschaft gewinnt<br>diese Liebe braucht keinen Krieg<br>um zu siegen.<\/em><\/p>\n\n\n\n<p class=\"has-text-align-center has-white-color has-text-color has-background\" style=\"background-color:#a200a3\"><em>Gemeinschaft braucht Raum<br>damit wir lernen vertraun<br>wo sollen wir spielen<br>wenn sie alles verbaun?<\/em><\/p>\n<\/div><\/div>\n\n\n\n<p class=\"has-black-color has-white-background-color has-text-color has-background\"><strong>Workshopleiterinnen: <a href=\"https:\/\/smz.at\/\">SMZ Liebenau<\/a><\/strong>, <a rel=\"noreferrer noopener\" href=\"https:\/\/smz.at\/\" target=\"_blank\"><strong>Carina Batek-Stipacek, Anna Hoffman-Wellenhof, Rebecca Taup<\/strong><\/a><strong><a rel=\"noreferrer noopener\" href=\"https:\/\/smz.at\/\" target=\"_blank\">e<\/a>,<\/strong><\/p>\n\n\n\n<p class=\"has-white-color has-text-color has-background\" style=\"background-color:#a200a3\">Das Sozialmedizinische Zentrum (SMZ) Liebenau betreibt unter der F\u00f6rderung der Stadt Graz zwei Nachbarschaftszentren in den Bezirken Liebenau (Gr\u00fcnanger) und Jakomini. Beide Zentren bieten Raum f\u00fcr Projekte und einen sozialen Treffpunkt f\u00fcr Bewohner*innen. Zudem bietet das SMZ vor Ort eine unb\u00fcrokratische Anlaufstelle in vielf\u00e4ltigen Fragen und Angelegenheiten. Hier arbeiten die Mitarbeiter*innen im Rahmen der Stadtteilarbeit und Gemeinwesenarbeit nach den Prinzipien der Gesundheitsf\u00f6rderung und Sozialen Arbeit<\/p>\n\n\n\n<p class=\"has-white-color has-text-color has-background\" style=\"background-color:#a200a3\"><strong>Anna Hofmann \u2013 Wellenhof<\/strong>, Sozialarbeiterin<\/p>\n\n\n\n<p class=\"has-white-color has-text-color has-background\" style=\"background-color:#a200a3\"><em>Friedvoll und unvoreingenommen auf andere zuzugehen ist meines Erachtens eine der Grundvoraussetzungen f\u00fcr gelingende Kommunikation. Gerade Kinder treten anderen Menschen meist offenherzig gegen\u00fcber. Daher haben wir uns gefreut, mit den Sch\u00fcler*innen der VS Sch\u00f6nau dieses zentrale Thema bearbeiten zu k\u00f6nnen und mit ihnen in den Meinungsaustausch zu gehen.<\/em><\/p>\n\n\n\n<p class=\"has-white-color has-text-color has-background\" style=\"background-color:#a200a3\"><strong>Carina Batek-Stipacek<\/strong>, Projektmitarbeiterin im Bereich  Gesundheitsf\u00f6rderung und Pr\u00e4vention<\/p>\n\n\n\n<p class=\"has-white-color has-text-color has-background\" style=\"background-color:#a200a3\"><em>Bei uns, in der Arbeit des SMZ, ist das zentrale Element &#8211; DIE KOMMUNIKATION \u2013 sich zu verstehen (im Sinne von verstanden werden und zu verstehen, was der andere braucht) und passende Worte zu finden. F\u00fcr uns ist dies die Basis f\u00fcr ein friedvolles Zusammenleben. Daher war es uns ein Anliegen, dass die Kinder aus der VS Sch\u00f6nau spielerisch erfahren und ihnen bewusst gemacht wird, auf welche Art und Weise (mit H\u00e4nden und F\u00fc\u00dfen, Sprache und im Verhalten) sie kommunizieren k\u00f6nnen und was es hei\u00dft nicht verstanden zu werden. Wichtig war auch ihnen zu zeigen, was es braucht, um \u00fcberhaupt miteinander kommunizieren zu k\u00f6nnen.<\/em><\/p>\n\n\n\n<p class=\"has-white-color has-text-color has-background\" style=\"background-color:#a200a3\"><strong>Rebecca Taupe<\/strong>, Sozialp\u00e4dagogin in Ausbildung<\/p>\n\n\n\n<p class=\"has-white-color has-text-color has-background\" style=\"background-color:#a200a3\"><em>Das Projekt \u201eFriedensbildung, \u00f6ffentlicher Raum, Kinder\u201c ist mir aus dem Grund wichtig, weil ich der Meinung bin, dass diese jungen Wesen mit ihren kindlichen und zugleich sehr direkten und unverbl\u00fcmten Ansichten in der Lage sind, auch uns Erwachsenen die Augen \u2013 und ganz besonders unsere Herzen \u2013 ein St\u00fcck weiter zu \u00f6ffnen.<\/em><\/p>\n\n\n\n<p class=\"has-black-color has-white-background-color has-text-color has-background\"><strong>K\u00fcnstlerin: <a rel=\"noreferrer noopener\" href=\"https:\/\/eddastrobl.weblog.mur.at\/\" target=\"_blank\">Edda Strobl<\/a><\/strong><\/p>\n\n\n\n<p class=\"has-white-color has-text-color has-background\" style=\"background-color:#a200a3\">Bildende K\u00fcnstlerin, Ausstellungen seit 1991. Produktion von Comics, Zeichnungen, Collagen, Tafelbildern; umgesetzt auch als Flyer, als Posters und in Publikationen.<\/p>\n\n\n\n<p class=\"has-white-color has-text-color has-background\" style=\"background-color:#a200a3\"><strong>1991\u20131998<\/strong> Akteurin im FOND, Graz.<br><strong>2000<\/strong> Gr\u00fcndung von TONTO-COMICS. Seit 2001 Betreiberin desselben zusammen mit Helmut Kaplan, 2003 stie\u00dfen Michael Jordan und 2010 Simon H\u00e4u\u00dfle dazu.<br><strong>2007\u20132010<\/strong> im Programmforum des Forum Stadtpark (Graz) als Kuratorin f\u00fcr Comic und Artverwandtes t\u00e4tig.<br><strong>Ab 2002<\/strong> verst\u00e4rkt in musikalische Projekte involviert: zuerst Videos f\u00fcr Laleloo (Robert Lepenik und Bernhard Lang), zuletzt konzertante Mini-Inszenierungen im Duo &#8222;STROBLAK&#8220; (Edda Strobl, Renate Oblak).<br><strong>2010\u201314 <\/strong>Lehrt\u00e4tigkeiten auf der Hochschule f\u00fcr angewandte Kunst in Wien (Institut f\u00fcr Sprachkunst); TU Graz (Architektur, Institut f\u00fcr zeitgen\u00f6ssische Kunst).<\/p>\n\n\n\n<p class=\"has-white-color has-text-color has-background\" style=\"background-color:#a200a3\"><strong>Mit Tonto: <\/strong>Vertretungsprofessur an der Kunsthochschule Kassel (Comic und Illustration).<br>Auslandstipendium des bmukk in London (1996) und in Chicago (2000); Kunstpreis der Stadt Graz (1999).<br><strong>Mit TONTO: <\/strong>Outstanding Artist Award f\u00fcr Comic und Karikatur 2012<br>Ausstellungen und Ausstellungsbeteiligungen im In- und Ausland:<br>u. a. Neue Galerie, Graz; &lt; rotor &gt;, Graz; Galerie K\u00f6nig (ehem. K\u00f6nig&amp;Lettner), Wien; kunsthaus muerz, M\u00fcrzzuschlag; Kolonie Wedding, Berlin; Arhus D\u00e4nemark; files, Museo de Arte Contemporaneo de Castilla y Leon, Spanien; Galerija Marino Cettina, Umag, Kroatien; Bildstrecke f\u00fcr n.paradoxa #3, London\u2026)<br><strong>Mit TONTO: <\/strong>Ausstellungen, Ausstellungsbeteiligungen, Pr\u00e4sentationen, Lectures, Performances: u. a. Neurotitan, Berlin; Forum Stadtpark Graz; Obala Meeting Point, Sarajevo; Centro Centro, Madrid \u2026; Comicfestivals in Helsinki, Bologna, Erlangen, Saarbr\u00fccken, Kassel, Linz, Belgrad, New York, Toronto \u2026<br>Edda Strobl publiziert bei Tonto und in internationalen Anthologien.<\/p>\n\n\n\n<p class=\"has-black-color has-white-background-color has-text-color has-background\"><strong>K\u00fcnstlerin<\/strong>: <strong><a rel=\"noreferrer noopener\" href=\"http:\/\/www.johannaregger.com\/\" target=\"_blank\">Johanna Regger<\/a><\/strong><\/p>\n\n\n\n<p class=\"has-white-color has-text-color has-background\" style=\"background-color:#a200a3\"><strong>2009 &#8211; 2016<\/strong> Studium der Architektur TU Graz<br><strong>2012 &#8211; 2013<\/strong> Architektur Master Universit\u00e4t Valencia<br><strong>Oktober 2018 \u2013 jetzt<\/strong> Zeichentrick f\u00fcr Marina and the Kats (Dynamik durch ein Animationsteam)<br><strong>M\u00e4rz 2018 \u2013 jetzt<\/strong> Stadt Graz Arbeitsstipendium bildende Kunst: eine zeichnerische<br>Verarbeitung der Entwicklung der \u201eGrazer Vorst\u00e4dte\u201c<br><strong>Dezember 2016 \u2013 jetzt<\/strong> Erstellung der Graphic Novel \u201eJustitia\u201c in Kooperation mit der Justizanstalt Graz-Jakomini<br><strong>Januar 2018<\/strong> Stadt Graz Erz\u00e4hlung: Der obere Gries<br><strong>September 2017<\/strong> Wandmalerei \u201edie obere Lend\u201c<br><strong>Mai 2017<\/strong> Start-Stipendium des Bundeskanzleramtes in der Kategorie Architektur und Design<\/p>\n\n\n\n<p class=\"has-black-color has-white-background-color has-text-color has-background\"><strong>K\u00fcnstlerInnen: <a rel=\"noreferrer noopener\" href=\"http:\/\/www.asynchrome.com\/\" target=\"_blank\">s<\/a><\/strong><a rel=\"noreferrer noopener\" href=\"http:\/\/www.asynchrome.com\/\" target=\"_blank\"><strong>tudio ASYNCHROME<\/strong><\/a><\/p>\n\n\n\n<p class=\"has-white-color has-text-color has-background\" style=\"background-color:#a200a3\">studio ASYNCHROME ist ein transdisziplin\u00e4res Experiment. Gegr\u00fcndet Ende 2013 von Marleen Leitner und Michael Schitnig, beziehen sich ihre Schwerpunkte auf architektonische Spurensuche und k\u00fcnstlerische Grenz\u00fcberschreitungen. Die Ausdrucksformen reichen dabei von Fotografie, Zeichnung, Malerei, Installation<br>bis hin zu Animation.<\/p>\n\n\n\n<p class=\"has-white-color has-text-color has-background\" style=\"background-color:#a200a3\"><strong>2018<\/strong> Atelier-Auslandsstipendium des Landes Steiermark f\u00fcr Triest April\/Mai 2018<br><strong>2017<\/strong> Outstanding Artist Award-Innovative Kulturarbeit als Teil des Think Tank Team f\u00fcr das<br>Projekt \u201eHaus der offenen Tore\u201c initiiert von -Zentrum f\u00fcr zeitgen\u00f6ssische Kunst Graz<br><strong>2016<\/strong> Arbeitsstipendiat f\u00fcr Bildende Kunst der Stadt Graz<br><strong>2015<\/strong> Kunstf\u00f6rderpreistr\u00e4ger der Stadt Graz<\/p>\n\n\n\n<p class=\"has-black-color has-white-background-color has-text-color has-background\"><strong>K\u00fcnstlerin<\/strong>: <strong><a rel=\"noreferrer noopener\" href=\"https:\/\/isariedl.com\/\" target=\"_blank\">Isa Riedl<\/a><\/strong><\/p>\n\n\n\n<p class=\"has-white-color has-text-color has-background\" style=\"background-color:#a200a3\"><strong>1995 \u2013 1997<\/strong> Kunstgeschichtestudium, Karl-Franzens Universit\u00e4t Graz<br>1997 <strong>\u2013<\/strong> 2003 Malerei und Grafik \/Universit\u00e4t f\u00fcr k\u00fcnstlerische und industrielle Gestaltung Linz<br><strong>2012<\/strong> Austauschstipendium der Stadt Graz f\u00fcr Prag, CZ<br>F\u00f6rderpreis f\u00fcr Bildende Kunst der Stadt Graz<br><strong>2010<\/strong> Auslandsstipendium Land Steiermark f\u00fcr Albanien<br><strong>2007<\/strong> Staatsstipendium f\u00fcr Bildende Kunst des BMUKK \u00d6sterreich<br><strong>2005<\/strong> Arbeitsstipendium Land Ober\u00f6sterreich Egon Schiele Centrum, \u010cesky Krumlov, CZ<br><strong>2004<\/strong> Residency f\u00fcr das RE:Locationprojekt Shake im Casino Luxembourg \u2013 Forum d\u2019art contemporain<br><strong>2003<\/strong> Austrian Educational Foundation und Kunstuni Linz, Stipendium f\u00fcr Hong Kong<br>Kunstf\u00f6rderungspreis der Stadt Linz (Atelier<\/p>\n\n\n\n<p class=\"has-black-color has-white-background-color has-text-color has-background\" style=\"line-height:3.7\"><strong>ZUM SCHLUSS, ABER AM WICHTIGSTEN:<\/strong><\/p>\n\n\n\n<p class=\"has-black-color has-white-background-color has-text-color has-background\"><a rel=\"noreferrer noopener\" href=\"http:\/\/vs-schoenau.info\/\" target=\"_blank\"><strong>Sch\u00fcler_innen der VS Sch\u00f6nau<\/strong><\/a><\/p>\n\n\n\n<p style=\"line-height:0\"><\/p>\n<\/div><\/div>\n<\/div><\/div>\n\n\n\n<p><\/p>\n<\/div>\n<\/div>\n","protected":false},"excerpt":{"rendered":"<p>DAS PROJEKTTEAM Konzept: Nicole Pruckermayr K\u00fcnstlerin, Kuratorin und Lehrende mit Schwerpunkt \u00f6ffentlicher Raum Verortete und ver\u00f6ffentlichte k\u00fcnstlerisch-wissenschaftliche Forschung, gibt breiteren \u00d6ffentlichkeiten die M\u00f6glichkeit, sich neue Reflexionsachsen anzueignen und in Kontakt mit diversen Lebensentw\u00fcrfen Vorurteile und Grenzen abzubauen. Unter anderem kann Kunst die kompliziertesten Sachverhalte in einpr\u00e4gsamer Form federleicht transportieren. Kunst liegt die F\u00e4higkeit inne, Akzeptanzen &hellip; <\/p>\n<p class=\"link-more\"><a href=\"https:\/\/friedenstische.mur.at\/index.php\/people\/\" class=\"more-link\">Continue reading<span class=\"screen-reader-text\"> &#8222;DAS SIND WIR&#8220;<\/span><\/a><\/p>\n","protected":false},"author":1,"featured_media":0,"parent":0,"menu_order":0,"comment_status":"closed","ping_status":"closed","template":"","meta":{"_themeisle_gutenberg_block_has_review":false},"_links":{"self":[{"href":"https:\/\/friedenstische.mur.at\/index.php\/wp-json\/wp\/v2\/pages\/20"}],"collection":[{"href":"https:\/\/friedenstische.mur.at\/index.php\/wp-json\/wp\/v2\/pages"}],"about":[{"href":"https:\/\/friedenstische.mur.at\/index.php\/wp-json\/wp\/v2\/types\/page"}],"author":[{"embeddable":true,"href":"https:\/\/friedenstische.mur.at\/index.php\/wp-json\/wp\/v2\/users\/1"}],"replies":[{"embeddable":true,"href":"https:\/\/friedenstische.mur.at\/index.php\/wp-json\/wp\/v2\/comments?post=20"}],"version-history":[{"count":38,"href":"https:\/\/friedenstische.mur.at\/index.php\/wp-json\/wp\/v2\/pages\/20\/revisions"}],"predecessor-version":[{"id":682,"href":"https:\/\/friedenstische.mur.at\/index.php\/wp-json\/wp\/v2\/pages\/20\/revisions\/682"}],"wp:attachment":[{"href":"https:\/\/friedenstische.mur.at\/index.php\/wp-json\/wp\/v2\/media?parent=20"}],"curies":[{"name":"wp","href":"https:\/\/api.w.org\/{rel}","templated":true}]}}