{"id":606,"date":"2021-09-07T12:16:52","date_gmt":"2021-09-07T12:16:52","guid":{"rendered":"https:\/\/friedenstische.mur.at\/?page_id=606"},"modified":"2021-09-14T05:45:42","modified_gmt":"2021-09-14T05:45:42","slug":"aktionstag","status":"publish","type":"page","link":"https:\/\/friedenstische.mur.at\/index.php\/aktionstag\/","title":{"rendered":"AKTIONSTAG AM BERTHA-VON-SUTTNER-Platz"},"content":{"rendered":"\n<div class=\"wp-block-themeisle-blocks-advanced-columns has-1-columns has-desktop-equal-layout has-tablet-equal-layout has-mobile-equal-layout has-default-gap has-vertical-unset\" id=\"wp-block-themeisle-blocks-advanced-columns-b31252ce\"><div class=\"wp-block-themeisle-blocks-advanced-columns-overlay\"><\/div><div class=\"innerblocks-wrap\">\n<div class=\"wp-block-themeisle-blocks-advanced-column\" id=\"wp-block-themeisle-blocks-advanced-column-a4c88c8e\">\n<p>Die K\u00fcnstlerin Nicole Pruckermayr und das <em>Kinderb\u00fcro- Die Lobby f\u00fcr Menschen bis 14<\/em> veranstalten gemeinsam einen Aktionstag anl\u00e4sslich des Weltfriedenstages am 21.9.2021 am Bertha-von-Suttner-Platz in Graz.<\/p>\n\n\n\n<figure class=\"wp-block-image size-full\"><img loading=\"lazy\" width=\"2000\" height=\"1333\" src=\"https:\/\/friedenstische.mur.at\/wp-content\/uploads\/2021\/09\/BvSuttner-Schrift-SCREEN-0923.jpg\" alt=\"\" class=\"wp-image-608\" srcset=\"https:\/\/friedenstische.mur.at\/wp-content\/uploads\/2021\/09\/BvSuttner-Schrift-SCREEN-0923.jpg 2000w, https:\/\/friedenstische.mur.at\/wp-content\/uploads\/2021\/09\/BvSuttner-Schrift-SCREEN-0923-300x200.jpg 300w, https:\/\/friedenstische.mur.at\/wp-content\/uploads\/2021\/09\/BvSuttner-Schrift-SCREEN-0923-1024x682.jpg 1024w, https:\/\/friedenstische.mur.at\/wp-content\/uploads\/2021\/09\/BvSuttner-Schrift-SCREEN-0923-768x512.jpg 768w, https:\/\/friedenstische.mur.at\/wp-content\/uploads\/2021\/09\/BvSuttner-Schrift-SCREEN-0923-1536x1024.jpg 1536w\" sizes=\"(max-width: 767px) 89vw, (max-width: 1000px) 54vw, (max-width: 1071px) 543px, 580px\" \/><\/figure>\n\n\n\n<p style=\"font-size:10px\"><em>\u201eLANDE DES FRIEDENS. Zu Gast im Salon der Bertha von Suttner\u201c von Nicole Pruckermayr<br>Foto \u00a9 Nikos Zachariadis<\/em><\/p>\n\n\n\n<p><\/p>\n\n\n\n<p>Wir laden Sie herzlich dazu ein, am Aktionstag dabei zu sein!<\/p>\n\n\n\n<p style=\"font-size:35px\"><strong>Programm<\/strong><\/p>\n\n\n\n<ul><li>Ab 9:30Uhr <strong>Friedenstische-RAP<\/strong> von und mit Manuel Girzikowski (angefragt) mit Kindern einer Grazer Schule im Rahmen des Kulturjahrprojektes &#8222;FRIEDENSTISCHE ZEICHNEN&#8220;<\/li><li>10:30 &#8211; 12:00 Uhr <strong>FRIEDENSTISCHGESPR\u00c4CHE Kinder + Frieden + \u00f6ffentlicher Raum<\/strong>. Eine Veranstaltung der Kinderrechteakademie des Kinderb\u00fcros in Kooperation mit Nicole Pruckermayr.<\/li><\/ul>\n\n\n\n<p>Weitere Informationen dazu finden Sie unter folgendem Link: <a href=\"https:\/\/kinderbuero.at\/akademie\/friedenstischgespraeche-kinder-frieden-oeffentlicher-raum\/\">FRIEDENSTISCHGESPR\u00c4CHE Kinder + Frieden + \u00f6ffentlicher Raum | Kinderb\u00fcro (kinderbuero.at)<\/a><\/p>\n\n\n\n<ul><li>16:00 Uhr <strong>Hissung und Er\u00f6ffnung der permanenten wei\u00dfen Friedensfahne<\/strong> durch Kulturstadtrat Dr. G\u00fcnther Riegler am Bertha-von-Suttner-Platz.<\/li><\/ul>\n\n\n\n<p>Durch eine Initiativgruppe (Barbara Kasper, Anna Grigoriadis, Dr.<br>Karl-Renner-Schule, Pfarren sowie Bezirksr\u00e4te aus den Bezirken<br>Jakomini und Liebenau) wurden mit Unterst\u00fctzung des Friedensb\u00fcros Graz bis 2018 Ideen gesammelt, um Bertha von Suttner am nach ihr benannten Platz ad\u00e4quat zu w\u00fcrdigen. Dabei sollte es sowohl zu einer B\u00fcrgerInnenbeteiligung als auch zu einer k\u00fcnstlerischen Auseinandersetzung kommen.<\/p>\n\n\n\n<p>Durch den Entwurf \u201eLANDE DES FRIEDENS. Zu Gast im Salon der Bertha von Suttner\u201cvon Nicole Pruckermayr konnte eine k\u00fcnstlerisch-historische Begleitung zur Platzgestaltung von Arch. c\/o GROSZSTADT gemeinsam mit DI Waltraud K\u00f6rndl durch die Stadtbaudirektion Graz realisiert werden. Zu den Elementen der k\u00fcnstlerischen Platzgestaltung geh\u00f6ren neben der wei\u00dfen Fahne eine Fassadentafel mit dem Schriftzug &#8222;Bertha-von-Suttner\u201c. Am Platz neu zu zu finden ist auch ein W\u00fcrdigungstisch f\u00fcr Bertha von Sutter (Text: Andrea Strutz, Grafik: Michael Neubacher; Bespielung des angegliederten Monitors durch verschiedene Schulen).<\/p>\n\n\n\n<p>Wir freuen uns auf Ihr Kommen!<\/p>\n\n\n\n<p><em>Die Veranstaltung unterliegt den aktuellen COVID-Bestimmungen f\u00fcr Veranstaltungen im Freien. Bei Schlechtwetter findet das Vormittagsprogramm nicht statt.<\/em><\/p>\n\n\n\n<p><\/p>\n\n\n\n<p>Bei R\u00fcckfragen wenden Sie sich bitte an:<\/p>\n\n\n\n<p>Katja Hausleitner<\/p>\n\n\n\n<p><a href=\"mailto:akademie@kinderbuero.at\">akademie@kinderbuero.at<\/a> oder Tel. 0650\/8336619<\/p>\n\n\n\n<p><\/p>\n\n\n\n<p><\/p>\n\n\n\n<p><strong>FRIEDENSTISCHGESPR\u00c4CHE Kinder + Frieden + \u00f6ffentlicher Raum<\/strong><\/p>\n\n\n\n<p>Eine Veranstaltung im Rahmen der Kinderrechteakademie des Kinderb\u00fcros in Kooperation mit Nicole Pruckermayr.<\/p>\n\n\n\n<p>Datum und Zeit: 21. September 2021, 10:30-12:00 Uhr<\/p>\n\n\n\n<p>Ort: Berta-von-Suttner-Platz, Graz<\/p>\n\n\n\n<figure class=\"wp-block-image size-large\"><img loading=\"lazy\" width=\"1024\" height=\"575\" src=\"https:\/\/friedenstische.mur.at\/wp-content\/uploads\/2021\/05\/KJ_BvSP_082_c_Lex_Karelly-1024x575.jpg\" alt=\"\" class=\"wp-image-523\" srcset=\"https:\/\/friedenstische.mur.at\/wp-content\/uploads\/2021\/05\/KJ_BvSP_082_c_Lex_Karelly-1024x575.jpg 1024w, https:\/\/friedenstische.mur.at\/wp-content\/uploads\/2021\/05\/KJ_BvSP_082_c_Lex_Karelly-300x169.jpg 300w, https:\/\/friedenstische.mur.at\/wp-content\/uploads\/2021\/05\/KJ_BvSP_082_c_Lex_Karelly-768x432.jpg 768w, https:\/\/friedenstische.mur.at\/wp-content\/uploads\/2021\/05\/KJ_BvSP_082_c_Lex_Karelly.jpg 1500w\" sizes=\"(max-width: 767px) 89vw, (max-width: 1000px) 54vw, (max-width: 1071px) 543px, 580px\" \/><figcaption><em>HIER SIND MEINE HELDEN von Johanna Regger; Foto: \u00a9 Lex Karelly<\/em><\/figcaption><\/figure>\n\n\n\n<p>Die vier neugestalteten Tische des Kulturjahrprojektes &#8222;FRIEDENSTISCHE ZEICHNEN&#8220; laden ein, diesen Platz auch weiterf\u00fchrend als Ort der friedvollen Auseinandersetzung \u00fcber den \u00f6ffentlichen Raum zu nutzen. Wir wollen dies startend am Weltfriedenstag am 21.9.2021 tun.<\/p>\n\n\n\n<p>Vier einst\u00fcndige Gespr\u00e4che stellen die Themen \u201eIntergenerationen \u2013 M\u00f6glichkeiten und Konflikte\u201c, \u201eKinder und Jugendliche im \u00f6ffentlichen Raum\u201c, Geschlecht im \u00f6ffentlichen Raum- wer hat wieviel Platz?\u201c und \u201eBildungs- und Sozialarbeit im \u00f6ffentlichen Raum\u201c zur Diskussion. Diskussionsg\u00e4ste sind unter anderem ISOP Schulsozialarbeit, Dachverband offene Jugendarbeit, die K\u00fcnstler:innen des Projekts FRIEDENSTISCHE ZEICHNEN, Kinderb\u00fcro-Die Lobby f\u00fcr Menschen bis 14, u.v.a. (Die Liste wird bis 21.9. kontinuierlich erweitert).<\/p>\n\n\n\n<p>Wir laden Sie herzlich dazu ein, am Aktionstag dabei zu sein und freuen uns auf Ihr Kommen!<\/p>\n\n\n\n<p><em>Die Veranstaltung unterliegt den aktuellen COVID-Bestimmungen f\u00fcr Veranstaltungen im Freien. Bei Schlechtwetter finden die Friedenstischgespr\u00e4che nicht statt.<\/em><\/p>\n<\/div>\n<\/div><\/div>\n\n\n\n<p><\/p>\n","protected":false},"excerpt":{"rendered":"","protected":false},"author":1,"featured_media":0,"parent":0,"menu_order":0,"comment_status":"closed","ping_status":"closed","template":"","meta":{"_themeisle_gutenberg_block_has_review":false},"_links":{"self":[{"href":"https:\/\/friedenstische.mur.at\/index.php\/wp-json\/wp\/v2\/pages\/606"}],"collection":[{"href":"https:\/\/friedenstische.mur.at\/index.php\/wp-json\/wp\/v2\/pages"}],"about":[{"href":"https:\/\/friedenstische.mur.at\/index.php\/wp-json\/wp\/v2\/types\/page"}],"author":[{"embeddable":true,"href":"https:\/\/friedenstische.mur.at\/index.php\/wp-json\/wp\/v2\/users\/1"}],"replies":[{"embeddable":true,"href":"https:\/\/friedenstische.mur.at\/index.php\/wp-json\/wp\/v2\/comments?post=606"}],"version-history":[{"count":8,"href":"https:\/\/friedenstische.mur.at\/index.php\/wp-json\/wp\/v2\/pages\/606\/revisions"}],"predecessor-version":[{"id":622,"href":"https:\/\/friedenstische.mur.at\/index.php\/wp-json\/wp\/v2\/pages\/606\/revisions\/622"}],"wp:attachment":[{"href":"https:\/\/friedenstische.mur.at\/index.php\/wp-json\/wp\/v2\/media?parent=606"}],"curies":[{"name":"wp","href":"https:\/\/api.w.org\/{rel}","templated":true}]}}